= -3*g - 2*g + 1100. Suppose -g = -5*z - q*m, -m - 2*m = -15. Calculate the highest common factor of 6 and z.
6
Let x be 0 - 2/4*-6. Suppose m = 5*f + 88, 5*m + 127 - 567 = x*f. What is the highest common divisor of 11 and m?
11
Let p(o) = -2*o - 2. Let l be p(-2). Let x be ((-18)/15)/(9/30). Let m = -1 - x. What is the highest common factor of l and m?
1
Let x be ((-27)/2)/((-10)/1920). Calculate the highest common factor of x and 32.
32
Suppose 0 = 14*a + 4975 - 7425. Suppose -3*x + 125 = 2*x. Calculate the greatest common factor of a and x.
25
Let h(s) = s - 4 - 6*s + 0. Let y be h(-2). Let d(x) = x**2 - 3*x + 6. Let p be d(y). What is the greatest common factor of p and 36?
12
Let y be 15/((-17)/9 - -2). Suppose 5*s + 5*a = 80, 14 = s - 7*a + 6*a. Calculate the greatest common divisor of y and s.
15
Suppose 0 = 4*h + 4*v + 40, 4*v = -2*h - 3*h - 45. Let q(x) = -4*x + 10. Let k be q(h). Calculate the highest common factor of k and 90.
30
Let z(h) = 5*h**2 + 38*h + 3. Let c be z(16). Calculate the greatest common divisor of c and 61.
61
Suppose 14*w = 1005 + 549. What is the greatest common factor of 259 and w?
37
Let n be ((-125)/15*9)/(12/(-16)). What is the greatest common divisor of 625 and n?
25
Suppose -3*n + 33 = -3*o - 81, -5*n - 4*o = -154. What is the highest common factor of 289 and n?
17
Let z be (0/(-2) + 0)/(-1). Suppose -4*u - h - h + 30 = z, h - 10 = -u. Suppose -u - 7 = -v. Calculate the highest common factor of v and 108.
12
Let y = 31 - 16. Suppose 16*p - y*p = 2. Suppose -7*t + 2*t + 40 = 0. Calculate the greatest common divisor of p and t.
2
Let c(i) = -1011*i + 11. Let g be c(-1). Calculate the highest common factor of g and 14.
14
Let o(n) = -2 + 3*n + 9 + n**2 + 2 + 2. Let g be o(8). What is the greatest common factor of g and 9?
9
Suppose 0 = t - 3*t + 110. Suppose 3*c = 3*q + 51, 4*c + q = c + t. Suppose -9*o + 8*o + 54 = 0. Calculate the highest common divisor of c and o.
18
Suppose 4 - 247 = -r. Calculate the highest common divisor of r and 9.
9
Let y(w) = -2*w - 18. Let u be y(-23). What is the greatest common divisor of u and 70?
14
Let g(j) = 51*j + 209. Let z be g(-4). Let o(l) = -6*l + 5 + l**2 - 7 + 9. Let p be o(z). Calculate the greatest common divisor of 8 and p.
2
Suppose -5*z = 0, k + 3*z - 374 = 6*z. Let x = 434 + -400. Calculate the highest common divisor of k and x.
34
Suppose -4*w = 3*l - 2, 0 = w - 3*w - 4*l + 6. Let n be 5 + w + 3 + 45. What is the highest common divisor of n and 13?
13
Suppose -50*r + 56*r - 540 = 0. Calculate the greatest common divisor of r and 210.
30
Let d be (1116/27)/(2/3). What is the greatest common factor of d and 961?
31
Suppose 45 = 2*q + 61. Let v(z) = -3*z. Let j be v(q). Calculate the greatest common factor of j and 216.
24
Let w = 1217 + -1164. Calculate the greatest common divisor of 106 and w.
53
Suppose -5*y - 196 = -2*w - 1, -5*y = 5. Let o be 171/6*(2 - -6 - 6). What is the highest common divisor of w and o?
19
Let s = 54 - 26. Let n be 1 + 2 + (5 - 3). Suppose 5*t - 18 = -n*q + 3*t, 3*q + 3*t - 9 = 0. What is the greatest common divisor of q and s?
4
Let j(g) = g**3 - g**2 - 8*g - 2. Let r be j(-3). Let k = r + 86. What is the greatest common factor of 24 and k?
24
Let x be (1/3)/((-2)/6). Let j be (6 + -7 + -2)/1. Let f be (x - j)/(-4)*-10. Calculate the highest common divisor of 20 and f.
5
Suppose 2*a = 10 + 4. Let u(z) = z**3 + 2*z**2 + 13*z + 35. Let f be u(0). What is the highest common factor of f and a?
7
Suppose 605 = 142*g - 138*g + 5*j, -575 = -4*g + j. Calculate the greatest common factor of 261 and g.
29
Let b be 4/(4/(-50)*-5). Suppose i + 3*i = -5*l + 61, l - b = -3*i. What is the greatest common divisor of l and 143?
13
Let r(y) = -y**3 + 7*y**2 + 7*y + 7. Let q be r(3). Calculate the greatest common factor of q and 1376.
32
Let w be 13/(-1)*(-57 + 40). Calculate the highest common divisor of w and 85.
17
Let s(n) = -15*n + 19. Let a(q) = 8*q - 9. Let m(f) = -5*a(f) - 3*s(f). Let y be m(20). What is the greatest common divisor of y and 22?
22
Let w = -2 - -11. Let q(f) = -2*f - 1. Let v be q(-2). Suppose 4*j + x = 288, 0*j - 144 = -2*j + v*x. Calculate the highest common divisor of w and j.
9
Let z(y) = y**3 - 23*y**2 - 4. Let u be z(23). Let j(n) = -29*n - 8. Let v be j(u). What is the greatest common factor of 12 and v?
12
Let j be 9 - (-5 - (-2)/1). Let y be j/(-10)*(-15)/6. Suppose -y*a - 2*a = -25, -a - 2 = -n. Calculate the highest common divisor of n and 63.
7
Let r be (-14)/(-18) - (9 + (-249)/27). Calculate the greatest common divisor of r and 77.
1
Let o(h) = 85*h - 301. Let p be o(4). What is the greatest common factor of 624 and p?
39
Let i = -28 + 31. Suppose 0 = -5*a - 2*w + 77 - 11, -2*w + 38 = i*a. What is the greatest common divisor of a and 126?
14
Let l = 192 - 148. What is the greatest common factor of 352 and l?
44
Let v(p) = 3 + 2*p + 1 + p + 4*p. Let t(k) = 8*k + 3. Let z(i) = -5*t(i) + 6*v(i). Let c be z(3). Calculate the greatest common factor of c and 15.
15
Let i(x) = 4*x**2 - 8*x**3 + 5*x + 10 + 3*x**3 + 4*x**3. Let q be i(5). Calculate the greatest common factor of 4 and q.
2
Let u = -268 - -401. What is the greatest common divisor of 171 and u?
19
Let q(n) = -9*n - 81. Let j be q(-13). Calculate the highest common factor of j and 27.
9
Suppose -2*i + 0*u + 512 = 2*u, 5*u = -2*i + 524. Calculate the highest common factor of i and 28.
28
Suppose 7*v - 2262 = 2407. Calculate the highest common factor of 29 and v.
29
Let r = -46 + 73. Let c be 0 - 1*r/(-1). Let z = 1 - -2. Calculate the greatest common factor of z and c.
3
Let l be 0*(-2 + 1)/(-2). Suppose 1 = t + 3, x + 2*t - 40 = l. Calculate the highest common factor of x and 132.
44
Let p(r) = r + 14. Let g be p(-7). Suppose 3*o = 4*o + 5*i - g, 3*o + 5*i = 1. Let n be (-72)/10*10/o. Calculate the greatest common divisor of n and 6.
6
Let q be 6*-4*36/48. Let g be -10*(-2)/(-8)*q. What is the greatest common divisor of g and 30?
15
Suppose 0 = 3*u - 4*l - 20, 3*u - 2*l - 8 = 8. What is the highest common divisor of 1 and u?
1
Suppose 5*j - 17 = -p, 1 = -5*p + 11. Suppose -b + 15 + 3 = j*h, -3*b - 4*h + 59 = 0. Let q = 5 - 2. Calculate the highest common divisor of q and b.
3
Suppose 151 = 12*g - 8897. Let l be 9/15 - g/(-10). Calculate the greatest common divisor of l and 19.
19
Let j(r) = 25*r - 2. Let s(p) = -p**2 - p + 4. Let f be s(0). Let y be j(f). Calculate the greatest common factor of 14 and y.
14
Let w = -31 - -41. Let x be w/30 - 5/(-3) - -14. Calculate the highest common factor of 48 and x.
16
Let l(u) = -u**2 - 20*u + 5. Let i be l(-19). What is the greatest common divisor of i and 36?
12
Suppose v = -2*g + 6 + 83, 0 = -2*g - 4. What is the greatest common divisor of v and 1581?
93
Let w(i) = -3*i**3 - 3*i**2 - 2*i - 5. Suppose -2*n = 2*n + 4. Let x be (0 + n)/(3/9). Let a be w(x). What is the highest common divisor of 5 and a?
5
Suppose 0 + 2 = -2*d. Let w be (d/(-2))/((-3)/54). Let f be (-2)/w + (-104)/(-18). What is the greatest common divisor of f and 2?
2
Let x = -191 - -386. Let k(w) = w**3 + 8*w**2 - 10*w + 6. Let a be k(-9). What is the highest common factor of a and x?
15
Let u(s) = -s**2 - 33 - s**2 + 12*s + 2*s**2 + s**2. Let q be u(-15). Calculate the greatest common divisor of 8 and q.
4
Let h be (-4)/(-10) - (-156)/10. Let m = 31 - h. Let a = 79 - 34. Calculate the greatest common factor of m and a.
15
Let x(c) = c**2 + 26*c - 196. Let o be x(-38). What is the highest common factor of o and 140?
20
Let p = 38 - 20. Let o(f) = 2*f - 2. Let q be o(7). Let h = p - q. Calculate the highest common divisor of 6 and h.
6
Let v = -334 - -360. Calculate the greatest common factor of v and 130.
26
Let l = 64 + -33. Let j be 5 + 0/2 + -1. Suppose -d + l = j. Calculate the highest common factor of d and 9.
9
Suppose 30*j - 32*j + 48 = 0. What is the highest common factor of 30 and j?
6
Suppose -2*w + h + 17 = 0, 0 = -104*w + 99*w - h + 46. Calculate the highest common factor of 378 and w.
9
Let l(r) = -7*r**2 - 3*r + 1. Let b(d) = -d**2 + d + 1. Let u(p) = -6*b(p) + l(p). Let n be u(-7). Calculate the highest common factor of n and 81.
9
Let g(t) = 11*t - 9 + 1 - 8*t - 6*t. Let v(s) = -s**2 + 4*s - 5. Let y be v(4). Let p be g(y). Calculate the